**5/120 + b**4/4 - 3*b. Let g(w) be the third derivative of v(w). Determine g(-1).
-1
Let y = 251 + -247. Let z(l) = 7*l**2 - 7*l + 6. Let p be ((-5)/2)/(3/(-6)). Let a(f) = -3*f**2 + 4*f - 3. Let h(r) = p*a(r) + 2*z(r). Determine h(y).
5
Let g be (1 - -1)/4*6. Let q(m) = m**2 - 8*m - 3. Let d(n) = n**2 - n. Let a(c) = g*d(c) - q(c). Let u = 11 + -14. Calculate a(u).
6
Let p(u) = -17*u - 3. Let k(o) = 6*o + 1. Let z(m) = 7*k(m) + 2*p(m). Calculate z(-1).
-7
Let o be (-56)/(-12) - 2/(-6). Let j(v) = -v**2 + 5*v + 1. What is j(o)?
1
Let b(l) = l**2 + l. Suppose -3*v = 0, 0*h - 3*v = -4*h + 4. Determine b(h).
2
Let v = -5 - -7. Let l = v - 2. Suppose l*d + d = 1. Let s(b) = -4*b**3 + 2*b - 1. Determine s(d).
-3
Let v(n) be the second derivative of n**5/20 + n**4/12 - n**3/6 - n**2 + 3*n. Let r(h) = -h**2 - h + 2. Let o be r(1). What is v(o)?
-2
Let c(r) = -r**2 + 6*r - 3. Let h(x) = -x**2 - 10*x - 5. Let o be h(-9). Let v be c(o). Let l(d) = d**2 - 6*d - 5. What is l(v)?
-10
Let u(g) = 3*g + 1. Let p(o) = 4*o. Let d(r) = 4*p(r) - 5*u(r). Calculate d(6).
1
Let v be (-40)/(-4)*(-4)/10. Let l(w) = w**3 + 4*w**2 - 2*w + 2. Determine l(v).
10
Let z(d) be the third derivative of -d**4/12 - 2*d**3/3 - d**2. Let n be z(-3). Let l(g) be the second derivative of g**5/20 - g**4/4 + g**2/2 - 2*g. Give l(n).
-3
Let j(h) be the third derivative of 1/8*h**4 - 1/3*h**3 + 0 + 0*h - h**2. Let c(l) = l + 8. Let t be c(-6). Determine j(t).
4
Let v(j) = 11*j + 1. Let o(u) = 21*u + 1. Let h(p) = 3*o(p) - 5*v(p). Calculate h(2).
14
Let y(l) = -3*l - 6. Let a(g) = g + 2. Let s(o) = -11*a(o) - 4*y(o). Let v = -2 - -5. Suppose 3*z - c + 2 = -0*z, 5*z - v*c = -2. What is s(z)?
1
Let p(c) = c**2 + 5*c + 5. Let g(n) = -3*n**2 + 6*n**2 - 5*n - 4*n**2 - 5 + 0*n**2. Let d(v) = -3*g(v) - 2*p(v). Calculate d(-5).
5
Suppose w - 4*w + 2*s = 0, 0 = 3*w - 5*s + 9. Let y(t) = -2*t**2 - t. What is y(w)?
-10
Suppose -f + 8*f - 35 = 0. Let c(d) = d**3 - 6*d**2 + 3*d + 2. Determine c(f).
-8
Let c be 3/12*(44 - 0). Let t = c - 10. Let i(d) = -3*d - 2*d + 7*d. What is i(t)?
2
Suppose 5*j + 2 = -3. Let x(m) = m. Let o(c) = -7*c. Let t(n) = 6*o(n) + 49*x(n). Determine t(j).
-7
Let t(h) = -h. Let l(a) be the second derivative of -4*a**2 - a. Let m(z) = -l(z) - t(z). What is m(-5)?
3
Let a(o) be the second derivative of -1/12*o**4 + 4*o + 2*o**2 + 0 + 2/3*o**3. Calculate a(5).
-1
Let m(i) = -i**3 + 3*i**2 - i - 1. Let s = 3 + -1. Determine m(s).
1
Let n(z) be the first derivative of 7 - z**2 - 2/3*z**3 - 3/4*z**4 - z. Calculate n(-1).
2
Let h(u) be the first derivative of -2*u + u**3 + 1/2*u**2 + 1/4*u**4 + 1. Let r = -35 - -32. Determine h(r).
-5
Let h(z) be the first derivative of -9*z**2/2 - z - 31. Give h(-1).
8
Suppose 6*h = h - 45. Let q be (h - -6)*7/3. Let k(v) = -v**3 - 7*v**2 - 2*v - 8. What is k(q)?
6
Let b(m) = -1. Let w(x) = -3*x - 7. Let o(f) = -6*b(f) + w(f). Calculate o(-4).
11
Let b(m) = -m**2 - m + 2. Suppose -7 = 11*i + 15. Determine b(i).
0
Let i be 94/(-18) + 2/9. Let p(s) = -12*s**3 + 4*s**2 - 4*s + 13*s**3 - 2*s. Determine p(i).
5
Let h(o) = -5*o**2 + 7*o - 6. Suppose -3*f = f - 20. Let w(u) = -6*u**2 + 7*u - 7. Let c(r) = f*h(r) - 4*w(r). Determine c(5).
8
Suppose -5 = -t - 0*t. Suppose n = o + 2*n + t, 6 = -2*o + 2*n. Let s(x) = 2*x + 3. Determine s(o).
-5
Let q(k) = -2*k**3 - 2*k**2 + 2*k + 1. Let i(y) = -3*y + 2 + 0*y + y. Let c be 3/3 - 0 - -1. Let u be i(c). What is q(u)?
5
Let x(m) be the first derivative of m**4/4 + 2*m**3 + 2*m**2 + 3*m - 7. What is x(-5)?
8
Let c(h) be the first derivative of -h**4/4 - h**3 + 3*h**2/2 - 172. Let v be 3 + (0/(-2))/1. Let m be (-2)/(-3) - 14/v. Determine c(m).
4
Let u be ((-3)/2)/(2/20). Let z(w) = -1. Let v(d) = d - 5. Let o(y) = u*z(y) + 3*v(y). What is o(-1)?
-3
Let r(w) = -w**3 - 2*w**2 + 2*w + 4. Suppose 0 = 4*t + 6 + 6. What is r(t)?
7
Let a(w) = -6*w**3 - 2*w**2 + w. Suppose 2*l + 3*v - 11 = 0, 16 = -2*l + 5*v + 3. Give a(l).
-7
Let r(m) = -m**3 - 6*m**2 - 5*m + 6. Let t(k) be the first derivative of -11*k + 1/2*k**4 - 1 + 9/2*k**2 + 11/3*k**3. Let b(j) = 11*r(j) + 6*t(j). Give b(-1).
0
Let m(b) = -b**2 - 3*b + 5. Let t(w) = -w**2 - 7*w - 4. Let s be (-1 + 0)/((-5)/(-20)). Let o be t(s). Suppose o = -3*k + q, -5*k = -5*q - 0*q. Determine m(k).
1
Let i(o) = 3 - 288*o + 148*o + 141*o. What is i(6)?
9
Let b(y) = -5*y**2 - 6*y + 1. Let o = -56 - -55. Let t = 16 - 10. Let i(l) = -l**2 - l + 1. Let x(w) = o*b(w) + t*i(w). What is x(0)?
5
Let l(b) = 8*b + 6 - 1 - 5 + 3. Give l(-2).
-13
Let m(i) = 9*i + 2. Let q(r) = 5*r + 1. Let c = 20 + -13. Let z(k) = c*q(k) - 4*m(k). What is z(-6)?
5
Let x(s) = s - 3. Let g be ((-2)/(-4))/(6/36). Suppose 0 = g*a + 18. What is x(a)?
-9
Suppose 15 = 3*y, -2*v = 2*y + 15 + 11. Let z = v + 13. Let k(f) be the first derivative of -f**3/3 - 7*f**2/2 - 4*f - 2. Give k(z).
6
Let q(a) = -6*a**3 - 1. Let n(d) = d**3 - d**2 - 2*d + 3. Let j be n(2). Suppose 4*r = r + j. What is q(r)?
-7
Let w = 20 - 20. Let s(k) = 2*k**2 + 1 + k + k**2 + w*k**3 - k**3 - 4*k. What is s(2)?
-1
Suppose 14*a + 171 - 45 = 0. Let c(x) = x**2 + 9*x + 4. Calculate c(a).
4
Let l(y) = -y - 2. Let q = 3 - -1. Suppose 5 = -0*k + k + 2*p, -q*k - p = -13. Let x(t) = t + 1. Let m be x(k). Give l(m).
-6
Let n(c) = 5*c**3 + c**2 + 8*c - 3. Let u(d) = -d**3 + d**2 - d. Let j(i) = n(i) + 4*u(i). Determine j(-4).
-3
Let h(w) = -5*w**2 - 9*w + 5. Let i(u) = u**2 + 2*u - 1. Let x(s) = -2*h(s) - 9*i(s). Suppose -2*p = -8 + 2. Determine x(p).
8
Let s(v) = 40 + 4*v**2 + 5*v - 8*v - 36 + v**3. Give s(-5).
-6
Let y(j) be the second derivative of -j**3/2 - 4*j**2 + 31*j. Suppose -4*v - 6 = 3*g, 4*v = -0 + 12. Determine y(g).
10
Let u(m) = 4*m**2 - m. Let v be u(-1). Let c(p) = -p**3 + 3*p + 6. Let k(i) = -i**2 - 10 + 10. Let o(a) = -c(a) + 4*k(a). Give o(v).
4
Let y(f) = f + 7. Let z = 3 - 8. Calculate y(z).
2
Let f be (4/6)/(36/162). Let j(v) = -f - 2*v**2 + v**3 - 3 + 4 - v + 0*v. Give j(3).
4
Let t(k) = k - 10. Suppose 0*l + 2*l - 14 = -4*p, p + 5*l = -1. Let i be -1*p - -1 - -23. Suppose -5 = 3*d - i. Calculate t(d).
-5
Suppose -16 = -p - 5. Let h = p + -10. Let x(b) = 6*b - 1. What is x(h)?
5
Let p(x) be the third derivative of -3*x**4/4 + x**3/6 - 8*x**2 - x. Calculate p(1).
-17
Suppose 2*g + 7 + 5 = 0. Let p(l) = -4 + 4*l**2 + 0 + 4*l - 3*l**2 + l. Calculate p(g).
2
Let s(u) = 2*u + 9*u**2 + 1 - 11*u**2 + u - u. Give s(-1).
-3
Let g(q) be the second derivative of q**3/6 + 7*q**2 - 27*q. Calculate g(-7).
7
Let r(q) = q**3 + 5*q**2 - 8*q**2 - q + 3 + 5*q**2. Calculate r(-3).
-3
Suppose -n + 0*n + 18 = 2*x, -5*x + 45 = 4*n. Let g be 4/(-6) + 60/x. Let h(m) = m**3 - 7*m**2 + 3*m + 5. What is h(g)?
-13
Let c(y) = y**3 + 2*y**2 - 3*y - 2. Suppose 2*x + 7 - 3 = 0. Determine c(x).
4
Let r(b) be the third derivative of -b**6/120 - b**5/5 - 11*b**4/24 + b**3 - 3*b**2 - 6. Give r(-11).
6
Let w = 4 + -3. Let x(n) be the first derivative of 5*n**3/3 + 15. Give x(w).
5
Let k(p) = -11*p. Suppose 0 = -5*m + 20 - 0. Let a = m + -5. Give k(a).
11
Let y(g) be the third derivative of g**6/120 - 7*g**5/60 - 7*g**4/24 + 5*g**3/3 - 41*g**2. Calculate y(8).
18
Let r(n) = -5*n**2 + 1. Let t(w) = w**2 - 3*w + 3. Let x be t(2). What is r(x)?
-4
Let f(c) = 0*c + c**2 - 10*c**3 + 0*c - c. Let x(d) = d**2. Let q = 8 - 7. Let z be x(q). What is f(z)?
-10
Let o(p) = 4 - 1 - p - 3*p - p + p**2. Let i = -1 - -1. Suppose -2*v - 21 = -3*v - 4*f, i = -3*v + 2*f + 7. Determine o(v).
3
Let r(g) be the third derivative of 0*g + 1/12*g**4 + 1/60*g**5 - 2*g**2 - 1/3*g**3 + 0. What is r(-3)?
1
Let w(v) = -v**2 + 5*v - 6. Suppose 13*n - 28 = 6*n. Determine w(n).
-2
Let b be (-1)/(33/12 + -3). Suppose -4*v - 2*h = -16, -32 + 12 = -2*v - b*h. Suppose 0*c - v*c = 0. Let n(f) = f**3 + f**2 + f + 3. Determine n(c).
3
Let w(h) be the first derivative of -h**2 - 10*h - 11. What is w(-7)?
4
Let w(l) = 2*l + 2. Let t = 10 + -6. Let x be 15/(-6) - 2/t. Determine w(x).
-4
Let s(j) = -4*j + 3*j + 5*j + 3 - 3*j. Calculate s(-5).
-2
Let o(q) be the first derivative of q**4/4 + 5*q**3/3 - 5*q**2/2 + q - 1. Give o(-6).
-5
Let b(g) be the second derivative of -g**4/12 - g**3 + 5*g**2/2 + 12*g. What is b(-5)?
10
Let q = 2 - 0. Suppose -5*u - 2*p - 12 = 0, 5*u + 4*p = -2 - q. Let f(n) = n**2. Let l(